11
Suppose 0 = w + 1 + 3. Let o(u) = -u**2 - 11*u - 9. Let i be o(-6). List the prime factors of (w/(-6))/(2/i).
7
Let t = 154 - 82. List the prime factors of t.
2, 3
Let z(f) = 53 - f**3 + 3*f - 2*f - 9. List the prime factors of z(0).
2, 11
Let k(i) = 2*i**2 + 2*i + 3. Let c be k(-3). List the prime factors of 10/(-4)*(-162)/c.
3
Let z = -61 + 41. Let t = -13 - z. Let f = 5 + t. List the prime factors of f.
2, 3
Let o(l) be the first derivative of l**3/3 - l**2/2 - l + 3. Let q(z) = -z**3 - z**2 + z + 8. Let v(c) = 2*o(c) + q(c). List the prime factors of v(0).
2, 3
Suppose d - 4*d + 9 = 0. Let y be 0*2/4*-1. Suppose d*l + 18 - 51 = y. List the prime factors of l.
11
Let i = 89 + -63. List the prime factors of i.
2, 13
Let v(z) = -z**2 + 11*z + 36. List the prime factors of v(13).
2, 5
Suppose -3*x - 3*v = -0*v - 120, -4*v = -16. What are the prime factors of (-5)/2*x/(-15)?
2, 3
What are the prime factors of 3/((-125)/201 + (-8)/(-12))?
67
Suppose 5*g - 30 = -k, -2*k - 4 = -14. Let w(v) = -v**3 + 5*v**2 - 4*v + 7. Let m be w(g). Let n = m + 22. What are the prime factors of n?
3
Let y = -45 - -97. What are the prime factors of y?
2, 13
Let i = 8 - 7. Suppose k + i - 7 = 0. List the prime factors of 4/k - 62/(-6).
11
Let f(v) = -48*v**2 + 1. Let u be f(-1). Let w = u + 69. Let d = w + -4. What are the prime factors of d?
2, 3
Let u(m) be the third derivative of -5/6*m**3 + 0*m - m**2 + 0 - 1/24*m**4. What are the prime factors of u(-8)?
3
Let s be (-10)/4*(-348)/6. Suppose 3*f - s = -5*g + 6*f, -g - 3*f = -47. Let c = -22 + g. List the prime factors of c.
2, 5
Let d(t) = 5*t + 30. List the prime factors of d(6).
2, 3, 5
Suppose -4*v = b - 1655, v - 5*b + 2*b - 404 = 0. What are the prime factors of v?
7, 59
Let w be ((-6)/9)/(-1)*3. Suppose w*y + 5*v - 9 = -0*v, -2*v = 2*y - 6. Suppose 0*b = y*b - 38. What are the prime factors of b?
19
Suppose 6*z + 36 = 9*z. Let l(k) = k**3 - 13*k**2 + 15*k - 8. What are the prime factors of l(z)?
2, 7
Suppose -y - 2*y + 4*t - 17 = 0, 3*y + 12 = 3*t. Suppose 4*s = j + 89, y = -s + j + 24. List the prime factors of (s/(-6))/((-2)/6).
11
Suppose 2*y + 3*y = 10. Let k be (50 - y)/3 - 1. Suppose k = -x + 2*x. List the prime factors of x.
3, 5
Let b(f) = f**2 - 8*f - 1. Let n be b(5). What are the prime factors of 2 + -4 + 0 - n?
2, 7
Let s(a) = a**2 - 7*a - 9. List the prime factors of s(12).
3, 17
Let c(t) be the third derivative of t**8/2016 - t**6/720 - t**5/30 + 2*t**2. Let x(p) be the third derivative of c(p). List the prime factors of x(-1).
3
Let w = 28 - 19. Let s = -4 + w. Suppose 2*z - s*z = -5*h + 4, -3*h = -z - 4. List the prime factors of z.
2
Let o be (12/8)/((-2)/(-4)). Let h(i) = i**3 - 6*i**2 - 6*i + 4. Let z be h(7). Let c = z - o. List the prime factors of c.
2
Let s = -8 - -1. Let g(i) = -3*i - 7. What are the prime factors of g(s)?
2, 7
Let m be 2 - 0 - 2/1. Let l be -1*(1 + -2)*6. Suppose p + l - 16 = m. What are the prime factors of p?
2, 5
Let y be (-1 - -4)/(-3) + 0. Let x be (-1)/(y/3)*1. Suppose 0 = 2*d - 5*h - 24, -x*d + 0*h + 53 = h. What are the prime factors of d?
17
Suppose 4*h = h - 2*n + 169, 0 = h - 4*n - 33. List the prime factors of h.
53
Let j(z) = -13*z + 9. What are the prime factors of j(-4)?
61
Let s be (1 - (-28)/(-20))*-145. Let y = s + -32. List the prime factors of y.
2, 13
Let s(h) = h**3 + 6*h**2 - h - 4. Let v be s(-6). Suppose q + 0*q + v*f = -1, 0 = -q - 5*f + 5. List the prime factors of 2/(-1 + (-7)/q).
5
Let q = -40 - -23. What are the prime factors of 7 - 3 - 5 - q?
2
Let p = 47 - 9. What are the prime factors of p?
2, 19
Suppose -3*k + 105 = 2*k. Suppose 2*s - k = 1. List the prime factors of s.
11
Let w(h) = 2*h**2 + 6*h. Let l = -44 + 63. Suppose 4*p + n = 2*n - l, 0 = -4*p - n - 13. What are the prime factors of w(p)?
2
Let k(d) = -d**3 + 10*d**2 + 7*d - 2. Let j be k(11). Suppose -4*g + 2*g = 48. Let v = g - j. What are the prime factors of v?
2, 11
Let t(a) = -a**3 - 5*a**2 - 2*a + 9. What are the prime factors of t(-5)?
19
Suppose -3*l = -4*l. Suppose 0*p - 4*p + 44 = l. What are the prime factors of p?
11
Suppose -2*r - 10 = -26. Let t = 10 - r. What are the prime factors of t?
2
List the prime factors of 45 + (-5 + 3 - -1).
2, 11
Suppose -4*b + 4*i + 80 = 0, 25 = 2*b - 5*i - 6. What are the prime factors of b?
23
Suppose 5*q - 10 = -5. Suppose 0 = -2*z - 10, 4*z + 36 = 7*f - 3*f. Let p = f - q. What are the prime factors of p?
3
Let c be -3*(-5)/((-30)/16). Let b(j) = j**3 + 8*j**2 - 2*j. List the prime factors of b(c).
2
Suppose 5*i - 15 = 5*w, -4*i + w + 2*w + 10 = 0. List the prime factors of 15 + i/2*-4.
13
Suppose 2*x + y - 90 = 0, 5*x + y = 281 - 62. What are the prime factors of x?
43
Suppose -34 + 4 = -2*j. What are the prime factors of j?
3, 5
Let f(m) = m - 2. Let h be f(-3). Suppose 0*t + 4*t - 18 = -z, 4*t = z + 22. Let j = z - h. What are the prime factors of j?
3
Let p(u) = 4 - 1 + 0 - u + 3. List the prime factors of p(-7).
13
What are the prime factors of 1740/8 - (-2)/(-8)*2?
7, 31
Let b(t) = 2*t**2 + t. Let k(l) = -1 - l**3 + 3 - 6*l + 7*l**2 - 4. Let o be k(6). What are the prime factors of b(o)?
2, 3
List the prime factors of 9*8/72*46/2.
23
Let y = -34 - -43. List the prime factors of y.
3
Suppose 0*u - 30 = u. List the prime factors of u*(0 - (-3)/(-6)).
3, 5
Let q = 28 + 58. List the prime factors of q.
2, 43
Suppose -5*y + 55 - 14 = 3*s, 0 = 2*s + 3*y - 27. Suppose -3*n + 4*n = s. List the prime factors of n.
2, 3
Let q(u) be the third derivative of 0 - u**2 + 0*u + 1/24*u**4 - 1/60*u**5 + 11/6*u**3. What are the prime factors of q(0)?
11
Suppose -4*i - 90 = x + x, -x = -3*i - 75. List the prime factors of i/(-2) + -3 + 2.
11
Suppose 0 = 5*d - 202 - 13. What are the prime factors of d?
43
Suppose 4*k + 4*l = -l + 287, 361 = 5*k + 4*l. List the prime factors of k.
73
Let n(y) = -y**3 - y + 29. List the prime factors of n(0).
29
Let j(f) = 30*f**2 + f - 4. List the prime factors of j(2).
2, 59
Let k(g) = -2*g - 15. Let l be k(-11). What are the prime factors of (l/(-14))/((-1)/36)?
2, 3
Let i(h) = h**2 - 4*h - 1. Let u be i(7). Suppose -7*z + 2*z + u = 0. List the prime factors of z.
2
Suppose 5*t = 297 + 588. List the prime factors of t.
3, 59
Let l(j) = j**3 - 9*j**2 + 6*j - 9. Suppose 2*s = 3*s - 9. List the prime factors of l(s).
3, 5
Let y be 1/(((-6)/(-1066))/(-3)). Let v = -812 - y. List the prime factors of v/(-21) - 4/14.
13
What are the prime factors of (-3)/(-2 + (-50)/(-26))?
3, 13
Let y be 2*(87/6 + -2). Let c = 0 + y. Suppose -3*m = 3*k - 39, k - c = -4*k + 5*m. What are the prime factors of k?
3
Suppose -6*d = -21*d + 2850. List the prime factors of d.
2, 5, 19
List the prime factors of (1/(-5)*2)/(1/(-125)).
2, 5
Let k = -4 - -3. Let b(q) = 2*q**3 + 1. Let y be b(k). What are the prime factors of (0 - 1)*(y + -2)?
3
Suppose 0 = -3*x - 4*m - 632, -5*x - 507 = 2*m + 523. What are the prime factors of x/(-21) + (-2)/(-7)?
2, 5
Let x = -10 - -54. What are the prime factors of x?
2, 11
Let n = -13 + 16. List the prime factors of (-2 - 0)*(n - 11).
2
Suppose 5*j = 57 + 228. Suppose 0 = -4*h + 7*h - j. List the prime factors of h.
19
Let s be 495/20 + (-1)/(-4). Let q = s - 22. What are the prime factors of q?
3
Let n(v) = v**3 + 11*v**2 + 7*v - 3. What are the prime factors of n(-9)?
2, 3
Suppose 0*k - 2*k = -270. What are the prime factors of k?
3, 5
Let r(g) = 6*g - 7*g - 13 - 3*g. List the prime factors of r(-4).
3
Let v be 1/((4/17)/4). Let d = v - 0. List the prime factors of d.
17
Let n(w) = w - 10. Let b be n(7). Let s = 7 + b. Suppose -3*z + 5*v + 23 = -z, v + 73 = s*z. List the prime factors of z.
19
Let g(t) = -t**2 + 7*t - 4. Let o = 7 - 1. List the prime factors of g(o).
2
Let y = -6 - -16. What are the prime factors of y?
2, 5
Let k = -2 + 99. What are the prime factors of k?
97
Let i = -14 + 39. What are the prime factors of i?
5
Suppose -4*w - 2*x = 1 - 5, -5*x - 10 = 0. Suppose w*t - t = 5. Suppose 0 = h + 4*y - 27, -5*h = -t*y + y - 15. What are the prime factors of h?
7
What are the prime factors of (8/(-5))/((-10)/675*3)?
2, 3
Suppose n = -4*l + 200, -5*l + l - 5*n + 200 = 0. Suppose -4*v = 4 + 4, -5*v = 4*z - l. What are the prime factors of z?
3, 5
Suppose -n + 4*w + 0 = -9, -3*w = -12. Lis